36.
2538
What is the remainder when 30554 is divided by 30075?
479
Calculate the remainder when 8041 is divided by 9.
4
What is the remainder when 31857120 is divided by 10619019?
63
Calculate the remainder when 4256791 is divided by 3114.
3067
Calculate the remainder when 90633 is divided by 22642.
65
Calculate the remainder when 6254844 is divided by 2518.
132
Calculate the remainder when 72550 is divided by 2235.
1030
What is the remainder when 589910 is divided by 4957?
27
Calculate the remainder when 88183 is divided by 783.
487
What is the remainder when 847547416 is divided by 661?
657
Calculate the remainder when 13242 is divided by 10055.
3187
Calculate the remainder when 3190244 is divided by 177.
173
Calculate the remainder when 4687924 is divided by 1057.
129
Calculate the remainder when 2034044 is divided by 339.
44
What is the remainder when 27281 is divided by 2089?
124
Calculate the remainder when 1007360876 is divided by 335786957.
5
Calculate the remainder when 1833829 is divided by 19.
6
Calculate the remainder when 22396960 is divided by 1046.
8
Calculate the remainder when 8497464 is divided by 6462.
6396
What is the remainder when 19515838 is divided by 3847?
7
Calculate the remainder when 47065903 is divided by 3.
1
Calculate the remainder when 347949 is divided by 86976.
45
What is the remainder when 912422 is divided by 456197?
28
What is the remainder when 35956 is divided by 10825?
3481
Calculate the remainder when 457132 is divided by 1608.
460
Calculate the remainder when 1348199 is divided by 26.
21
What is the remainder when 647493 is divided by 48?
21
Calculate the remainder when 6541623 is divided by 10517.
49
What is the remainder when 1432037 is divided by 476945?
1202
Calculate the remainder when 4148295 is divided by 4148200.
95
Calculate the remainder when 17462 is divided by 1149.
227
What is the remainder when 10424 is divided by 1466?
162
Calculate the remainder when 3137048 is divided by 422.
322
What is the remainder when 430337 is divided by 1084?
1073
Calculate the remainder when 784778 is divided by 1319.
1292
What is the remainder when 27203606 is divided by 938055?
11
Calculate the remainder when 251857 is divided by 6621.
259
Calculate the remainder when 3520551 is divided by 179.
158
Calculate the remainder when 5494636 is divided by 238896.
28
What is the remainder when 4099767 is divided by 10275?
42
Calculate the remainder when 123000857 is divided by 24600167.
22
Calculate the remainder when 1577931 is divided by 5977.
3
What is the remainder when 706608 is divided by 6798?
6414
What is the remainder when 3349908 is divided by 267?
126
Calculate the remainder when 13194207 is divided by 34.
31
What is the remainder when 37285616 is divided by 595?
536
Calculate the remainder when 9739 is divided by 689.
93
What is the remainder when 11093909 is divided by 181?
57
What is the remainder when 165663 is divided by 2959?
2918
Calculate the remainder when 2667446 is divided by 128.
54
Calculate the remainder when 83214 is divided by 2298.
486
What is the remainder when 2968970 is divided by 10957?
10580
What is the remainder when 238863 is divided by 775?
163
What is the remainder when 7780957 is divided by 62?
19
What is the remainder when 23521869 is divided by 1290?
9
What is the remainder when 2527863 is divided by 649?
8
What is the remainder when 3251684 is divided by 226?
222
What is the remainder when 1363913414 is divided by 5271?
5267
What is the remainder when 943208 is divided by 3897?
134
Calculate the remainder when 5099752 is divided by 134204.
0
Calculate the remainder when 79242 is divided by 340.
22
Calculate the remainder when 26343435 is divided by 975682.
21
What is the remainder when 113810 is divided by 56523?
764
What is the remainder when 13492668 is divided by 117?
111
Calculate the remainder when 138870264 is divided by 1922.
1920
Calculate the remainder when 41292 is divided by 20631.
30
Calculate the remainder when 179380333 is divided by 63.
55
Calculate the remainder when 24940 is divided by 23881.
1059
Calculate the remainder when 450792 is divided by 459.
54
What is the remainder when 81813841 is divided by 16?
1
What is the remainder when 50005 is divided by 579?
211
Calculate the remainder when 143541700 is divided by 397.
395
Calculate the remainder when 714362 is divided by 2191.
96
What is the remainder when 725660 is divided by 241880?
20
What is the remainder when 125087 is divided by 1406?
1359
What is the remainder when 38674 is divided by 686?
258
What is the remainder when 805878 is divided by 12997?
64
What is the remainder when 417968 is divided by 18992?
144
Calculate the remainder when 2518486 is divided by 971.
683
Calculate the remainder when 1302685 is divided by 2.
1
Calculate the remainder when 7664617 is divided by 55.
37
Calculate the remainder when 207581 is divided by 3746.
1551
Calculate the remainder when 13472366 is divided by 970.
36
Calculate the remainder when 6308 is divided by 499.
320
Calculate the remainder when 1603440 is divided by 3149.
599
Calculate the remainder when 731276 is divided by 2335.
421
Calculate the remainder when 1273133 is divided by 436.
13
Calculate the remainder when 792241 is divided by 3048.
2809
Calculate the remainder when 465927 is divided by 280.
7
What is the remainder when 49070241 is divided by 402215?
11
Calculate the remainder when 671959 is divided by 6.
1
Calculate the remainder when 277263868 is divided by 131.
10
What is the remainder when 9904495 is divided by 1337?
1336
What is the remainder when 153377 is divided by 38006?
1353
Calculate the remainder when 80746 is divided by 8445.
4741
What is the remainder when 337483 is divided by 1153?
807
Calculate the remainder when 11103887 is divided by 4.
3
What is the remainder when 2828594 is divided by 83?
37
Calculate the remainder when 262476 is divided by 527.
30
Calculate the remainder when 698026 is divided by 232422.
760
What is the remainder when 106658 is divided by 4802?
1014
What is the remainder when 177904390 is divided by 19?
18
What is the remainder when 8085645 is divided by 17277?
9
Calculate the remainder when 18523725 is divided by 185.
45
What is the remainder when 1774519 is divided by 40?
39
What is the remainder when 7873633 is divided by 3592?
3561
Calculate the remainder when 2068900 is divided by 12.
4
What is the remainder when 3847793 is divided by 41374?
11
What is the remainder when 258513 is divided by 258511?
2
Calculate the remainder when 47832836 is divided by 23916406.
24
What is the remainder when 183913014 is divided by 1011?
993
Calculate the remainder when 13675301 is divided by 25.
1
What is the remainder when 399358 is divided by 199678?
2
Calculate the remainder when 178149 is divided by 2041.
582
Calculate the remainder when 14959 is divided by 9426.
5533
Calculate the remainder when 10239238 is divided by 22.
20
Calculate the remainder when 4457075 is divided by 13972.
7
What is the remainder when 894337805 is divided by 1979?
1978
Calculate the remainder when 157111 is divided by 3082.
3011
Calculate the remainder when 4267075 is divided by 1654.
1409
Calculate the remainder when 39824416 is divided by 148.
132
Calculate the remainder when 2249145 is divided by 2001.
21
Calculate the remainder when 14984969 is divided by 1001.
1000
Calculate the remainder when 76903 is divided by 882.
169
Calculate the remainder when 895132 is divided by 3908.
200
What is the remainder when 2567579 is divided by 1995?
14
What is the remainder when 164239 is divided by 2781?
160
Calculate the remainder when 4480769 is divided by 1120192.
1
What is the remainder when 799803 is divided by 510?
123
What is the remainder when 1716725 is divided by 1380?
5
Calculate the remainder when 880087644 is divided by 3797.
3796
Calculate the remainder when 65665 is divided by 2719.
409
What is the remainder when 41388 is divided by 2707?
783
What is the remainder when 88949324 is divided by 158?
64
What is the remainder when 8639993 is divided by 210730?
63
Calculate the remainder when 95714553 is divided by 37.
30
Calculate the remainder when 141440 is divided by 5047.
124
Calculate the remainder when 996295 is divided by 1645.
